ctor of m and 112?
14
Suppose 0 = 3*k - 9, 2*k - 3*k + 15 = 4*p. What is the greatest common divisor of 12 and p?
3
Let g(q) = 3*q + 8. Let y be g(6). Suppose 3*b - d - 33 = 2*d, -2*b + d + y = 0. What is the highest common divisor of 3 and b?
3
Let a(f) = -f**3 + f. Let o(i) = -5*i**3 - 1. Let c = 0 + -1. Let h(u) = c*o(u) - 2*a(u). Let z be h(1). What is the greatest common factor of z and 48?
6
Suppose 2*o + 5*d + 16 = 0, -3*o + 8*o + 4*d + 6 = 0. Let c = o + -1. Suppose -3*h = -13 + c. Calculate the highest common factor of 20 and h.
4
Let f(r) = r**3 + 1. Let m be f(-1). Suppose m = 4*c - 14 - 14. Suppose 5*z + 0*d - 2*d - 177 = 0, -5 = 5*d. What is the highest common factor of c and z?
7
Suppose 0 = -l + 4*z + 16, 0 = 2*l + 5*z + 1 - 59. Calculate the highest common factor of l and 12.
12
Suppose 2*r = -5*c - 62, -3*c + 5*r - 19 = -c. Let i be (-54)/(-8) - 3/c. What is the greatest common divisor of i and 70?
7
Let h(z) be the second derivative of -z**3/3 - z**2/2 + z. Let c be h(-2). Suppose -5*l = -2*l - 72. What is the highest common divisor of c and l?
3
Let d = 83 + -29. Calculate the highest common factor of 6 and d.
6
Let u(b) = 1 - 53*b + 0 - 2. Let m be u(-1). Let w be 11 + (-4 - -4) + 2. Calculate the highest common divisor of m and w.
13
Let w = 143 + -65. What is the greatest common divisor of w and 39?
39
Suppose 4*j = 13 - 1. Suppose -j*o = -2*o. Suppose 0*l + 5*l - 25 = o. Calculate the greatest common factor of 45 and l.
5
Let j(q) = 3*q**2 + q - 7. Let m be j(2). Suppose -29 - 167 = -4*o. Calculate the highest common factor of m and o.
7
Suppose -2*x - 3*t + 12 = -0, 0 = -3*x + 3*t + 48. What is the greatest common divisor of 8 and x?
4
Suppose -18 = 2*q - 5*q. Suppose 22 = q*c - 4*c. Calculate the greatest common factor of 11 and c.
11
Suppose -3 + 9 = 2*m. Suppose 0 = -4*a - a + 5*s + 105, -87 = -5*a - s. What is the highest common divisor of a and m?
3
Suppose 550 + 110 = 5*l. Suppose -2*y = -4*y - 2*o + l, 0 = -2*o + 8. Suppose 3*g + 23 = y. Calculate the greatest common divisor of 13 and g.
13
Suppose 4*y - 1 = f - 4*f, 0 = -4*f - 20. Let b = 10 - 4. Let z be 4/b - 46/(-3). What is the greatest common divisor of y and z?
4
Let i(m) = 64*m + 6. Let z be i(1). Let b = -22 - -50. What is the greatest common divisor of b and z?
14
Let y = -9 - -10. Let o be y - 0 - (1 + -30). Calculate the highest common factor of o and 15.
15
Let q be 57 - (4/2 + -3). What is the greatest common divisor of 145 and q?
29
Suppose -2*g - 8 + 30 = 0. Let t = g - 7. Let i be (-4)/(-1 - (-6)/7). What is the highest common factor of i and t?
4
Let u be (-12 + 2)/(1/(-4)). Let t(o) = 2*o**2 - 10*o - 2. Let w be t(6). Calculate the greatest common divisor of u and w.
10
Suppose 0 = -z + f + 14, f = -z - 1 + 5. Calculate the greatest common factor of 45 and z.
9
Let d(w) = 3*w - 5. Let a be d(6). Calculate the greatest common factor of a and 104.
13
Suppose 0 = 5*k + 20, 4*k = -2*l + 7*l - 41. Let p(m) = 7*m - 6. Let s be p(-5). Let n = 76 + s. What is the highest common factor of n and l?
5
Let o be (-2 + 1)/(5/(-25)). What is the greatest common factor of o and 35?
5
Let h(t) = -17*t**3 + 1. Let q be h(1). Let o be (q/(-5))/(10/275). What is the greatest common divisor of 11 and o?
11
Let x be -5 + 11 + -4 + 1. Suppose -3*g = 2*k - 169, -3*k - x*g + 391 = 130. What is the greatest common factor of 23 and k?
23
Suppose 4*f - 10 = -2*q, 0*q + q = 5*f - 9. Let x = q + 13. What is the highest common divisor of 126 and x?
14
Suppose 5*t = -0*t - 5. Let a be ((-1)/t + 41)*1. Let q(s) = -s**2 - 15*s + 6. Let y be q(-15). What is the greatest common divisor of y and a?
6
Let g = -99 + 189. What is the highest common factor of g and 6?
6
Let f = 15 - -36. Suppose u + f = 4*u. Calculate the highest common divisor of u and 17.
17
Let y(n) = n**2 - n - 4*n - 1 + 0*n + 2*n**2. Let r be y(6). Calculate the greatest common divisor of 11 and r.
11
Suppose -3*u + 251 = 2*t, -481 = -t - 3*t + u. Let j be (-26)/91 - 158/(-14). What is the greatest common divisor of j and t?
11
Let n(l) = l**3 + 10*l**2 + 6. Let a be n(-10). Suppose i + 4*x + 52 = 4*i, 0 = -2*i - 3*x + 63. Calculate the greatest common factor of a and i.
6
Let n be ((-20)/4 - -1) + (-80)/(-4). Calculate the greatest common divisor of n and 1.
1
Suppose 4 - 3 = -t, t + 10 = u. What is the highest common divisor of u and 6?
3
Let h be -1 - 16/(-1 - 3). Suppose -4*k = 2*n - 5*n - 17, -h*k - 1 = -5*n. What is the greatest common divisor of k and 2?
2
Let i(f) = -4*f + 2*f - 32 + 44. Let b be i(5). Calculate the highest common divisor of b and 18.
2
Let d(h) = 5*h**2 + h - 2. Let x be d(-3). Calculate the greatest common factor of 8 and x.
8
Suppose -3*b + 5*l = -13, 0 = b + 3*l - 5*l - 5. Calculate the greatest common divisor of 8 and b.
1
Let i be 8 - (2/7 + 25/35). Calculate the greatest common divisor of 133 and i.
7
Suppose -m - m + 62 = g, -5*m + 168 = -4*g. Suppose 40 = 3*p + 2*p. What is the highest common factor of p and m?
8
Suppose -l - 536 = -2*n, 5*n - 2*l + 0*l - 1342 = 0. Calculate the highest common factor of n and 10.
10
Let j(s) = 2*s + 10. Let l be j(22). Calculate the highest common factor of 72 and l.
18
Suppose -3 + 15 = 3*p. Let l be (-2 - (2 - 2))*-8. Calculate the highest common factor of l and p.
4
Let t = 67 - 49. Calculate the greatest common factor of 90 and t.
18
Suppose 0*z - 24 = -4*z. Calculate the highest common divisor of 10 and z.
2
Suppose 5*v - 4 = 3*v, -4*v - 160 = -4*h. Calculate the highest common factor of h and 28.
14
Let o(t) = -t - 1. Let y be o(-4). Suppose -2*g = y*g. Let l(f) = -f + 42. Let x be l(g). Calculate the greatest common divisor of 28 and x.
14
Let d = -26 - -41. Calculate the greatest common factor of 165 and d.
15
Suppose 5*b - 101 = 4*x, 3*x = -x + 4. Let m(q) = -2*q + 8. Let r be m(7). Let f(h) = -34*h + 6. Let z be f(r). What is the greatest common factor of z and b?
21
Suppose -5*y = -5*o - 75, -2*y = -7*y + o + 71. Calculate the greatest common divisor of y and 35.
7
Suppose 27 - 33 = -x. What is the greatest common divisor of 54 and x?
6
Suppose -3*r + 250 + 155 = 0. What is the highest common divisor of 15 and r?
15
Suppose -11*n = -9*n. Let j(h) = h**3 + 2*h + 15. Let f be j(n). Let x(t) = -24*t. Let v be x(-5). What is the greatest common divisor of f and v?
15
Suppose 35*z = 25*z + 760. Calculate the highest common factor of z and 19.
19
Let z(m) = m**2 - 6*m - 11. Let p be z(-5). Let u = -2 + p. What is the greatest common divisor of u and 6?
6
Suppose 47 = w + 5*k, -3*w - 65 = k - 192. What is the highest common divisor of w and 28?
14
Suppose -12 = o - 3*o. Let u be (-16 - -15)/(-2*(-3)/(-90)). Calculate the highest common factor of u and o.
3
Suppose 4*m = 33 + 47. Let i(f) = -28*f - 8. Let n be i(-6). Calculate the greatest common factor of n and m.
20
Suppose -9 = k + 5*m + 13, 0 = -k + m + 2. Let x(d) = -9*d. Let h be x(k). What is the highest common divisor of 6 and h?
6
Suppose -y + 135 = 2*y. Calculate the highest common factor of 18 and y.
9
Let u(r) = -3*r - 2. Let c be u(-9). Suppose -3*i - 5*t = -73, 4*i - 29 = 2*t + c. Calculate the greatest common divisor of i and 112.
16
Suppose p + 39 - 119 = 0. Let m(u) = u**2 - 12*u - 3. Let t be m(13). Calculate the greatest common factor of t and p.
10
Let d be 32*(3 + -2)/2. Let h be (0 + d)/(1 - 2). Let j = h + 66. What is the highest common divisor of j and 10?
10
Let n be (6 - 17/3) + (-4)/(-6). What is the greatest common divisor of 1 and n?
1
Let l be 1 - 2 - (-16 + 0). Let f be (-2 - -1) + -1 - -3. Let h be (5 - f - -1)*1. What is the greatest common divisor of l and h?
5
Suppose -3*c - 2*c + 45 = 0. Suppose -2*k = -3*p - c, 3*k - 4*p = -0*p + 14. Calculate the greatest common factor of 60 and k.
6
Suppose 18 = 2*h + 3*q, -3*q = 5*h - 47 + 11. Suppose 0 = -5*f - 126 + 6. Let p be (-50)/(-8) - (-6)/f. Calculate the greatest common divisor of h and p.
6
Let q = 3 + 1. Suppose 0 = -q*y - 2*o - 60, -5*o = -0*y - 4*y - 74. Let w = y - -27. What is the greatest common factor of 11 and w?
11
Let g(a) = -3*a - 2. Let h be g(-4). Let v = h + 58. Calculate the greatest common divisor of 17 and v.
17
Let x(n) = -15*n + 15. Let d(f) = 4*f - 4. Let j(c) = -22*d(c) - 6*x(c). Let 